at is -2599026 - 2?
-2599028
In base 14, what is 5 + 14b1394?
14b1399
In base 13, what is -566b2 + -7?
-566b9
In base 14, what is c3 - 9b637c?
-9b6299
In base 2, what is -100100101110100110100101011 + 0?
-100100101110100110100101011
In base 12, what is 168251 - -321?
168572
In base 8, what is 17063600 - 0?
17063600
In base 11, what is -4 - 9561aa6?
-9561aaa
In base 9, what is -1587872 - 3?
-1587875
In base 7, what is -14651 - 5522?
-23503
In base 14, what is 3 + -1152006b?
-11520068
In base 2, what is -101001 - -101010100001100000100?
101010100001011011011
In base 11, what is -5 - 4174506?
-4174510
In base 13, what is 3 - 1108023?
-1108020
In base 13, what is 7141 + -b4?
705a
In base 3, what is 1000010212102 + 120?
1000010212222
In base 3, what is -102 + 22211000220?
22211000111
In base 3, what is -2202 - -102012120?
102002211
In base 7, what is -101 + -3321603?
-3322004
In base 12, what is 4 - 40998b8?
-40998b4
In base 10, what is 672335 + 186?
672521
In base 3, what is -10210011121101221 + -10?
-10210011121102001
In base 2, what is -1010 - 100100000111101111?
-100100000111111001
In base 10, what is -1382 + 13611?
12229
In base 5, what is 114 + 131403404?
131404023
In base 11, what is -32a49a - 559?
-32aa48
In base 7, what is 1252414654 - -4?
1252414661
In base 8, what is 13 + -11362123?
-11362110
In base 8, what is -571616 - 1523?
-573341
In base 6, what is 21155130201 - 2?
21155130155
In base 9, what is 0 + -2047545?
-2047545
In base 2, what is 1000000000111000010010110 - 1?
1000000000111000010010101
In base 2, what is 1111001 - -10001001001010100100001?
10001001001010110011010
In base 6, what is -45324404 + -111?
-45324515
In base 7, what is -435 + 15652214?
15651446
In base 4, what is 11200022 + -131200?
11002222
In base 6, what is 32 - 1201444?
-1201412
In base 12, what is -11b9 - -b6215?
b5018
In base 7, what is 264 + 36600013?
36600310
In base 6, what is -103000 + -1451335?
-1554335
In base 15, what is 84 - -2230a?
2238e
In base 15, what is -53ac - -9d?
-530e
In base 3, what is 201020 + 200021022?
200222112
In base 4, what is 10103300 + -13203220?
-3033320
In base 13, what is 515c - 339?
4b23
In base 3, what is -211110222212 - 12120?
-211111012102
In base 4, what is 133330223 - -1212?
133332101
In base 4, what is 2113213 - -3131?
2123010
In base 13, what is 4 - -3863c5?
3863c9
In base 2, what is 1101 + -1010000000100010100010101?
-1010000000100010100001000
In base 14, what is 5bad246 - -5?
5bad24b
In base 13, what is -4a + 6c61?
6c14
In base 10, what is -5 + -18672197?
-18672202
In base 4, what is -2100 - 3132331?
-3201031
In base 8, what is -1410 - 22655?
-24265
In base 8, what is -676614 + -440?
-677254
In base 14, what is -c0a77b + 3?
-c0a778
In base 8, what is 24 - -67647?
67673
In base 4, what is -230331 + 2231031?
2000100
In base 12, what is -4b + b6174?
b6125
In base 6, what is -20211 + -10355?
-31010
In base 4, what is -1030 + 110123200?
110122110
In base 11, what is 3589425 + 1?
3589426
In base 7, what is -2432105 + -3?
-2432111
In base 6, what is -10443314532 - -3?
-10443314525
In base 16, what is -5521 - -114?
-540d
In base 9, what is -77 + -64628?
-64716
In base 6, what is -11125 - -20103?
4534
In base 7, what is 12 - -13653312?
13653324
In base 2, what is -1001001100 - 10010000100001?
-10011001101101
In base 13, what is -21a772 + -1c?
-21a791
In base 5, what is 2323010443 - -1?
2323010444
In base 4, what is 10032 - 2023101?
-2013003
In base 13, what is 17920 + 8b0?
18500
In base 14, what is -bd8 + -c26?
-1a20
In base 12, what is -2843 + 125?
-271a
In base 15, what is -1a4e2d5 - -4?
-1a4e2d1
In base 12, what is -a55718a - 2?
-a557190
In base 2, what is -10001010101000011 + -1001001010?
-10001011110001101
In base 5, what is -120201 + -11230433?
-11401134
In base 6, what is 12334500332 - 1?
12334500331
In base 12, what is 93144 + 29?
93171
In base 2, what is 11000001101011000000001011011 + -1?
11000001101011000000001011010
In base 7, what is -16316103 - -5?
-16316065
In base 14, what is -158a + -15ba?
-2b66
In base 5, what is -1121 + 23121403?
23120232
In base 4, what is 10031 + 2130103?
2200200
In base 7, what is -1 + -420313500?
-420313501
In base 2, what is -10000001000111100 - 11011000110?
-10000100100000010
In base 11, what is -1082476 - -a?
-1082467
In base 14, what is -65 + -4147c?
-41503
In base 8, what is -136507622 + -5?
-136507627
In base 6, what is 22124 + -114?
22010
In base 7, what is -4613 + 16152?
11236
In base 11, what is 116467a + 20?
116469a
In base 4, what is -13300 - -3003231?
2323331
In base 14, what is -1822b - 33a?
-18567
In base 14, what is 2 - 808d?
-808b
In base 6, what is -134521 + 2200?
-132321
In base 15, what is 22 + -1b4d8?
-1b4b6
In base 6, what is 413 - 132225042?
-132224225
In base 3, what is -110011002212210 + 10?
-110011002212200
In base 7, what is -1613021155 - 1?
-1613021156
In base 6, what is -14400151030 + 13?
-14400151013
In base 6, what is 5 - -40034420?
40034425
In base 14, what is c0 + -3a22a3?
-3a21c3
In base 14, what is -13 - -8139747?
8139734
In base 3, what is -111021 - -20112221122?
20112110101
In base 8, what is 2323736206 + -5?
2323736201
In base 14, what is -31 + 30d89d?
30d86c
In base 13, what is 2736ab - 19c?
27350c
In base 14, what is 1a698a - 26?
1a6964
In base 4, what is 1313013 - -210?
1313223
In base 5, what is -1233420 - 30104?
-1314024
In base 12, what is 2 + -12429961?
-1242995b
In base 6, what is -4313354 - -201?
-4313153
In base 5, what is 12000224 + 1100?
12001324
In base 9, what is 4864674 - 100?
4864574
In base 14, what is -20b6a84 - -a?
-20b6a78
In base 2, what is 1111 - 11010101010010011000?
-11010101010010001001
In base 4, what is -1212 + -11321101?
-11322313
In base 3, what is -20000 + 111220101010?
111220011010
In base 11, what is -937 + 2634?
17a8
In base 12, what is 653368 + a?
653376
In base 6, what is 0 + 125125540?
125125540
In base 9, what is -1418 + 12583?
11164
In base 4, what is -11231 + 2212002?
2200111
In base 14, what is -1b11b6 + 2b?
-1b1189
In base 11, what is 2 + a73902?
a73904
In base 5, what is 202120440010 + 2?
202120440012
In base 7, what is -43650 + -5013?
-51663
In base 12, what is 6b45b - 60b?
6aa50
In base 9, what is 141163 - 177?
140875
In base 16, what is 17a62 - 19?
17a49
In base 16, what is -2 - 2085bf?
-2085c1
In base 7, what is -100520 - -541?
-66646
In base 11, what is 2 - -530003?
530005
In base 8, what is 2 + -62674041?
-62674037
In base 5, what is 14011332 - 110131?
13401201
In base 6, what is 35154 + 1110?
40304
In base 11, what is 19 + -986945?
-986927
In base 9, what is -161860 - -14?
-161845
In base 9, what is 132123175 - 3?
132123172
In base 3, what is -22010211020202 + -11?
-22010211020220
In base 4, what is 0 + -303212232020?
-303212232020
In base 10, what is 143 - 7395?
-7252
In base 16, what is 1f0c2 + 1?
1f0c3
In base 2, what is -100 - -10001010101100100110001?
10001010101100100101101
In base 3, what is -100202122202001 + 0?
-100202122202001
In base 12, what is -6897b4a + -3?
-6897b51
In base 12, what is -728 - -358a?
2a62
In base 3, what is -221101120102 - -11012?
-221101102020
In base 10, what is 12 - 132196?
-132184
In base 5, what is -31423203 - -22?
-31423131
In base 13, what is -1c28c9a6 + -2?
-1c28c9a8
In base 9, what is 43 - -1061383?
1061436
In base 12, what is -65468 + -63?
-6550b
In base 4, what is -131312001130 - -10?
-131312001120
In base 15, what is -9261942 - -5?
-926193c
In base 16, what is 177 - -34d5?
364c
In base 8, what is -426 + 10035?
7407
In base 13, what is 1 - 12854738?
-12854737
In base 7, what is 1656032 + 66?
1656131
In base 5, what is -1323 - -131111240?
131104412
In base 12, what is -48 + -14297?
-14323
In base 13, what is -4b29b8 + -1b?
-4b2a06
In base 14, what is b72 - -5c2cc?
5d060
In base 15, what is -87abc3e - 4?
-87abc43
In base 14, what is -19 - -164d3?
164b8
In base 7, what is -46201110 + -4?
-46201114
In base 11, what is -5 + 32302a1?
3230297
In base 15, what is -9cc91 - -63?
-9cc2d
In base 13, what is 250bc00 + -5?
250bbc8
In base 7, what is -652 - 63352?
-64334
In base 9, what is -4 + -10142366?
-10142371
In base 3, what is 102010210 + 100211100?
202222010
In base 16, what is -27 + -bc75c?
-bc783
In base 4, what is -101111 - 110232103?
-110333220
In base 11, what is 